{"id":136927,"date":"2016-09-30T16:21:59","date_gmt":"2016-09-30T16:21:59","guid":{"rendered":"http:\/\/www.ms-sf.net\/hp\/?page_id=2"},"modified":"2021-05-18T12:11:48","modified_gmt":"2021-05-18T12:11:48","slug":"about","status":"publish","type":"page","link":"https:\/\/www.ms-sf.net\/de\/about\/","title":{"rendered":"Herzlich willkommen"},"content":{"rendered":"<p><img loading=\"lazy\" decoding=\"async\" class=\"wp-image-1391 aligncenter\" src=\"http:\/\/www.ms-sf.net\/hp\/wp-content\/uploads\/2016\/11\/schulleitung-300x216.jpg\" alt=\"schulleitung\" width=\"339\" height=\"244\" srcset=\"https:\/\/www.ms-sf.net\/de\/wp-content\/uploads\/2016\/11\/schulleitung-300x216.jpg 300w, https:\/\/www.ms-sf.net\/de\/wp-content\/uploads\/2016\/11\/schulleitung-1024x737.jpg 1024w, https:\/\/www.ms-sf.net\/de\/wp-content\/uploads\/2016\/11\/schulleitung-768x553.jpg 768w, https:\/\/www.ms-sf.net\/de\/wp-content\/uploads\/2016\/11\/schulleitung-1536x1106.jpg 1536w, https:\/\/www.ms-sf.net\/de\/wp-content\/uploads\/2016\/11\/schulleitung-2048x1474.jpg 2048w, https:\/\/www.ms-sf.net\/de\/wp-content\/uploads\/2016\/11\/schulleitung-255x184.jpg 255w\" sizes=\"auto, (max-width: 339px) 100vw, 339px\" \/><br \/>\n<b>Wir hei\u00dfen Sie, liebe Besucher, herzlich willkommen.<\/b><br \/>\nDie Mittelschule Sonthofen geh\u00f6rt zum Schulverbund Sonthofen\/Bad Hindelang\/Oberstdorf. Sie bietet den Sch\u00fclerinnen und Sch\u00fclern ein vielf\u00e4ltiges und breit gef\u00e4chertes Angebot:<br \/>\n&#8211; Regel- und <a href=\"http:\/\/www.ms-sf.net\/de\/mittlerer-reife-zug\/\">Mittlere-Reife-Zug<\/a><br \/>\n&#8211; <a href=\"http:\/\/www.ms-sf.net\/de\/qualifizierender-msa-qa\/\">Qualifizierender<\/a> und <a href=\"http:\/\/www.ms-sf.net\/de\/mittlerer-schulabschluss\/\">Mittlerer Bildungsbschluss<\/a><br \/>\n&#8211; <a href=\"http:\/\/www.ms-sf.net\/de\/offene-ganztagesgruppe\/\">offener<\/a> und <a href=\"http:\/\/www.ms-sf.net\/de\/flyer-ganztag\/\">gebundener Ganztag<\/a><br \/>\n&#8211; <a href=\"http:\/\/www.ms-sf.net\/de\/mensa\/\">Mensa <\/a>und <a href=\"http:\/\/www.ms-sf.net\/de\/schuelercafe\/\">Sch\u00fclercaf\u00e9<\/a><br \/>\n&#8211; <a href=\"http:\/\/www.ms-sf.net\/de\/arbeitsgemeinschaften\/\">AG-Nachmittage<\/a> mit musischen, technischen und sportlichen Angeboten<br \/>\n&#8211; starke Berufsorientierung durch praxisnahen Fachunterricht<br \/>\n&#8211; umfassendes und individuelles <a href=\"http:\/\/www.ms-sf.net\/de\/beratung\/\">Beratungsangebot<\/a><\/p>\n<h2><strong>Eine Schule. Viele Angebote.<br \/>\nWeil jeder anders ist.<\/strong><\/h2>\n<p>Ihr Reinhard Gogl und Ihre Gabriele Kofler<\/p>\n","protected":false},"excerpt":{"rendered":"<p>Wir hei\u00dfen Sie, liebe Besucher, herzlich willkommen. Die Mittelschule Sonthofen geh\u00f6rt zum Schulverbund Sonthofen\/Bad Hindelang\/Oberstdorf. Sie bietet den Sch\u00fclerinnen und Sch\u00fclern ein vielf\u00e4ltiges und breit gef\u00e4chertes Angebot: &#8211; Regel- und Mittlere-Reife-Zug &#8211; Qualifizierender und Mittlerer Bildungsbschluss &#8211; offener und gebundener Ganztag &#8211; Mensa und Sch\u00fclercaf\u00e9 &#8211; AG-Nachmittage mit musischen, technischen und sportlichen Angeboten &#8211; starke [&hellip;]<\/p>\n","protected":false},"author":1,"featured_media":1391,"parent":0,"menu_order":0,"comment_status":"closed","ping_status":"closed","template":"","meta":{"footnotes":""},"class_list":["post-136927","page","type-page","status-publish","has-post-thumbnail","hentry"],"_links":{"self":[{"href":"https:\/\/www.ms-sf.net\/de\/wp-json\/wp\/v2\/pages\/136927","targetHints":{"allow":["GET"]}}],"collection":[{"href":"https:\/\/www.ms-sf.net\/de\/wp-json\/wp\/v2\/pages"}],"about":[{"href":"https:\/\/www.ms-sf.net\/de\/wp-json\/wp\/v2\/types\/page"}],"author":[{"embeddable":true,"href":"https:\/\/www.ms-sf.net\/de\/wp-json\/wp\/v2\/users\/1"}],"replies":[{"embeddable":true,"href":"https:\/\/www.ms-sf.net\/de\/wp-json\/wp\/v2\/comments?post=136927"}],"version-history":[{"count":0,"href":"https:\/\/www.ms-sf.net\/de\/wp-json\/wp\/v2\/pages\/136927\/revisions"}],"wp:featuredmedia":[{"embeddable":true,"href":"https:\/\/www.ms-sf.net\/de\/wp-json\/wp\/v2\/media\/1391"}],"wp:attachment":[{"href":"https:\/\/www.ms-sf.net\/de\/wp-json\/wp\/v2\/media?parent=136927"}],"curies":[{"name":"wp","href":"https:\/\/api.w.org\/{rel}","templated":true}]}}

<p><img loading="lazy" decoding="async" class="wp-image-1391 aligncenter" src="http://www.ms-sf.net/hp/wp-content/uploads/2016/11/schulleitung-300x216.jpg" alt="schulleitung" width="339" height="244" srcset="https://www.ms-sf.net/de/wp-content/uploads/2016/11/schulleitung-300x216.jpg 300w, https://www.ms-sf.net/de/wp-content/uploads/2016/11/schulleitung-1024x737.jpg 1024w, https://www.ms-sf.net/de/wp-content/uploads/2016/11/schulleitung-768x553.jpg 768w, https://www.ms-sf.net/de/wp-content/uploads/2016/11/schulleitung-1536x1106.jpg 1536w, https://www.ms-sf.net/de/wp-content/uploads/2016/11/schulleitung-2048x1474.jpg 2048w, https://www.ms-sf.net/de/wp-content/uploads/2016/11/schulleitung-255x184.jpg 255w" sizes="auto, (max-width: 339px) 100vw, 339px" /><br />
<b>Wir heißen Sie, liebe Besucher, herzlich willkommen.</b><br />
Die Mittelschule Sonthofen gehört zum Schulverbund Sonthofen/Bad Hindelang/Oberstdorf. Sie bietet den Schülerinnen und Schülern ein vielfältiges und breit gefächertes Angebot:<br />
&#8211; Regel- und <a href="http://www.ms-sf.net/de/mittlerer-reife-zug/">Mittlere-Reife-Zug</a><br />
&#8211; <a href="http://www.ms-sf.net/de/qualifizierender-msa-qa/">Qualifizierender</a> und <a href="http://www.ms-sf.net/de/mittlerer-schulabschluss/">Mittlerer Bildungsbschluss</a><br />
&#8211; <a href="http://www.ms-sf.net/de/offene-ganztagesgruppe/">offener</a> und <a href="http://www.ms-sf.net/de/flyer-ganztag/">gebundener Ganztag</a><br />
&#8211; <a href="http://www.ms-sf.net/de/mensa/">Mensa </a>und <a href="http://www.ms-sf.net/de/schuelercafe/">Schülercafé</a><br />
&#8211; <a href="http://www.ms-sf.net/de/arbeitsgemeinschaften/">AG-Nachmittage</a> mit musischen, technischen und sportlichen Angeboten<br />
&#8211; starke Berufsorientierung durch praxisnahen Fachunterricht<br />
&#8211; umfassendes und individuelles <a href="http://www.ms-sf.net/de/beratung/">Beratungsangebot</a></p>
<h2><strong>Eine Schule. Viele Angebote.<br />
Weil jeder anders ist.</strong></h2>
<p>Ihr Reinhard Gogl und Ihre Gabriele Kofler</p>

<p>Wir heißen Sie, liebe Besucher, herzlich willkommen. Die Mittelschule Sonthofen gehört zum Schulverbund Sonthofen/Bad Hindelang/Oberstdorf. Sie bietet den Schülerinnen und Schülern ein vielfältiges und breit gefächertes Angebot: &#8211; Regel- und Mittlere-Reife-Zug &#8211; Qualifizierender und Mittlerer Bildungsbschluss &#8211; offener und gebundener Ganztag &#8211; Mensa und Schülercafé &#8211; AG-Nachmittage mit musischen, technischen und sportlichen Angeboten &#8211; starke [&hellip;]</p>
